{"id":12115,"date":"2025-11-01T15:00:47","date_gmt":"2025-11-01T15:00:47","guid":{"rendered":"https:\/\/goldpromosyon.com.tr\/?post_type=product&#038;p=12115"},"modified":"2025-11-01T15:01:26","modified_gmt":"2025-11-01T15:01:26","slug":"ozel-uretim-sunger-bilekli-dikdortgen-mouse-pad","status":"publish","type":"product","link":"https:\/\/goldpromosyon.com.tr\/?product=ozel-uretim-sunger-bilekli-dikdortgen-mouse-pad","title":{"rendered":"\u00d6zel \u00dcretim S\u00fcnger Bilekli Dikd\u00f6rtgen Mouse Pad"},"content":{"rendered":"<h3>\u00d6zel \u00dcretim S\u00fcnger Bilekli Dikd\u00f6rtgen Mouse Pad Promozone&#8217;da!<\/h3>\n<p>Ebat: 18,6 x 22,7 cm<br \/>\nKal\u0131nl\u0131k: Bilek k\u0131sm\u0131 1,4 cm &#8211; Di\u011fer k\u0131s\u0131m: 0,5 cm<br \/>\nTaban: S\u00fcnger<br \/>\nY\u00fczey: Polyester kuma\u015f<br \/>\nBask\u0131 T\u00fcr\u00fc: 4 renk sublimasyon<br \/>\nTasar\u0131m: Tek \u00e7e\u015fit<br \/>\nPaketleme: Po\u015fetsiz<\/p>\n","protected":false},"excerpt":{"rendered":"<p>\u00d6zel \u00dcretim S\u00fcnger Bilekli Dikd\u00f6rtgen Mouse Pad Promozone&#8217;da! Ebat: 18,6 x 22,7 cm Kal\u0131nl\u0131k: Bilek k\u0131sm\u0131 1,4 cm &#8211; Di\u011fer<\/p>\n","protected":false},"featured_media":12118,"comment_status":"open","ping_status":"closed","template":"","meta":[],"product_cat":[136,152],"product_tag":[],"class_list":{"0":"post-12115","1":"product","2":"type-product","3":"status-publish","4":"has-post-thumbnail","6":"product_cat-mouse-pad","7":"product_cat-teknoloji","9":"first","10":"instock","11":"shipping-taxable","12":"product-type-simple"},"_links":{"self":[{"href":"https:\/\/goldpromosyon.com.tr\/index.php?rest_route=\/wp\/v2\/product\/12115","targetHints":{"allow":["GET"]}}],"collection":[{"href":"https:\/\/goldpromosyon.com.tr\/index.php?rest_route=\/wp\/v2\/product"}],"about":[{"href":"https:\/\/goldpromosyon.com.tr\/index.php?rest_route=\/wp\/v2\/types\/product"}],"replies":[{"embeddable":true,"href":"https:\/\/goldpromosyon.com.tr\/index.php?rest_route=%2Fwp%2Fv2%2Fcomments&post=12115"}],"version-history":[{"count":1,"href":"https:\/\/goldpromosyon.com.tr\/index.php?rest_route=\/wp\/v2\/product\/12115\/revisions"}],"predecessor-version":[{"id":12119,"href":"https:\/\/goldpromosyon.com.tr\/index.php?rest_route=\/wp\/v2\/product\/12115\/revisions\/12119"}],"wp:featuredmedia":[{"embeddable":true,"href":"https:\/\/goldpromosyon.com.tr\/index.php?rest_route=\/wp\/v2\/media\/12118"}],"wp:attachment":[{"href":"https:\/\/goldpromosyon.com.tr\/index.php?rest_route=%2Fwp%2Fv2%2Fmedia&parent=12115"}],"wp:term":[{"taxonomy":"product_cat","embeddable":true,"href":"https:\/\/goldpromosyon.com.tr\/index.php?rest_route=%2Fwp%2Fv2%2Fproduct_cat&post=12115"},{"taxonomy":"product_tag","embeddable":true,"href":"https:\/\/goldpromosyon.com.tr\/index.php?rest_route=%2Fwp%2Fv2%2Fproduct_tag&post=12115"}],"curies":[{"name":"wp","href":"https:\/\/api.w.org\/{rel}","templated":true}]}}