{"id":12110,"date":"2025-11-01T14:59:50","date_gmt":"2025-11-01T14:59:50","guid":{"rendered":"https:\/\/goldpromosyon.com.tr\/?post_type=product&#038;p=12110"},"modified":"2025-11-01T15:00:34","modified_gmt":"2025-11-01T15:00:34","slug":"katlanabilir-kablosuz-sarj-ozellikli-mouse-pad-pu-deri-isikli-logolu","status":"publish","type":"product","link":"https:\/\/goldpromosyon.com.tr\/?product=katlanabilir-kablosuz-sarj-ozellikli-mouse-pad-pu-deri-isikli-logolu","title":{"rendered":"Katlanabilir Kablosuz \u015earj \u00d6zellikli Mouse Pad (PU Deri, I\u015f\u0131kl\u0131 Logolu)"},"content":{"rendered":"<h2>\ufe0f Katlanabilir Kablosuz \u015earj \u00d6zellikli Mouse Pad (PZ3640)<\/h2>\n<p><strong>PZ3640<\/strong>\u00a0model mouse pad, modern tasar\u0131m\u0131 ve \u00e7oklu fonksiyonlar\u0131yla masa\u00fcst\u00fc kullan\u0131m i\u00e7in m\u00fckemmel bir teknolojik aksesuard\u0131r. PU deri y\u00fczeyiyle zarif bir g\u00f6r\u00fcn\u00fcm sunar,\u00a0<strong>kablosuz \u015farj<\/strong>\u00a0\u00f6zelli\u011fiyle telefonunuzu kolayca \u015farj etmenizi sa\u011flar. Katlanabilir yap\u0131s\u0131 sayesinde ta\u015f\u0131nabilirli\u011fi y\u00fcksek, pratik ve kullan\u0131\u015fl\u0131 bir modeldir.<\/p>\n<h3>\u2699\ufe0f \u00dcr\u00fcn \u00d6zellikleri<\/h3>\n<ul>\n<li><strong>Tasar\u0131m:<\/strong>\u00a0Katlanabilir stand fonksiyonlu mouse pad<\/li>\n<li><strong>Malzeme:<\/strong>\u00a0PU deri<\/li>\n<li><strong>Wireless \u015earj:<\/strong>\u00a0Kablosuz \u015farj deste\u011fi<\/li>\n<li><strong>Bask\u0131 Tekni\u011fi:<\/strong>\u00a0Lazer bask\u0131 (\u0131\u015f\u0131kl\u0131 markalama \u00f6zelli\u011fiyle)<\/li>\n<li><strong>Logo \u00d6zelli\u011fi:<\/strong>\u00a0I\u015f\u0131kl\u0131 lazer markalama alan\u0131<\/li>\n<li><strong>Kutu:<\/strong>\u00a0Var (hediye sunum kutusu)<\/li>\n<li><strong>Renk:<\/strong>\u00a0Siyah \/ F\u00fcme<\/li>\n<\/ul>\n<h3>\u26a1 Kablosuz \u015earj \u00d6zelli\u011fi<\/h3>\n<p><strong>10W h\u0131zl\u0131 \u015farj<\/strong>\u00a0deste\u011fiyle cihazlar\u0131n\u0131z\u0131 kablosuz olarak \u015farj eder. Katlanabilir stand yap\u0131s\u0131 sayesinde telefonunuzu dik konumda \u015farj ederken ekran\u0131 rahat\u00e7a g\u00f6rebilirsiniz. Qi uyumlu t\u00fcm ak\u0131ll\u0131 telefonlarla tam uyum sa\u011flar.<\/p>\n","protected":false},"excerpt":{"rendered":"<p>\ufe0f Katlanabilir Kablosuz \u015earj \u00d6zellikli Mouse Pad (PZ3640) PZ3640\u00a0model mouse pad, modern tasar\u0131m\u0131 ve \u00e7oklu fonksiyonlar\u0131yla masa\u00fcst\u00fc kullan\u0131m i\u00e7in m\u00fckemmel<\/p>\n","protected":false},"featured_media":12111,"comment_status":"open","ping_status":"closed","template":"","meta":[],"product_cat":[136,152],"product_tag":[],"class_list":{"0":"post-12110","1":"product","2":"type-product","3":"status-publish","4":"has-post-thumbnail","6":"product_cat-mouse-pad","7":"product_cat-teknoloji","9":"first","10":"instock","11":"shipping-taxable","12":"product-type-simple"},"_links":{"self":[{"href":"https:\/\/goldpromosyon.com.tr\/index.php?rest_route=\/wp\/v2\/product\/12110","targetHints":{"allow":["GET"]}}],"collection":[{"href":"https:\/\/goldpromosyon.com.tr\/index.php?rest_route=\/wp\/v2\/product"}],"about":[{"href":"https:\/\/goldpromosyon.com.tr\/index.php?rest_route=\/wp\/v2\/types\/product"}],"replies":[{"embeddable":true,"href":"https:\/\/goldpromosyon.com.tr\/index.php?rest_route=%2Fwp%2Fv2%2Fcomments&post=12110"}],"version-history":[{"count":1,"href":"https:\/\/goldpromosyon.com.tr\/index.php?rest_route=\/wp\/v2\/product\/12110\/revisions"}],"predecessor-version":[{"id":12114,"href":"https:\/\/goldpromosyon.com.tr\/index.php?rest_route=\/wp\/v2\/product\/12110\/revisions\/12114"}],"wp:featuredmedia":[{"embeddable":true,"href":"https:\/\/goldpromosyon.com.tr\/index.php?rest_route=\/wp\/v2\/media\/12111"}],"wp:attachment":[{"href":"https:\/\/goldpromosyon.com.tr\/index.php?rest_route=%2Fwp%2Fv2%2Fmedia&parent=12110"}],"wp:term":[{"taxonomy":"product_cat","embeddable":true,"href":"https:\/\/goldpromosyon.com.tr\/index.php?rest_route=%2Fwp%2Fv2%2Fproduct_cat&post=12110"},{"taxonomy":"product_tag","embeddable":true,"href":"https:\/\/goldpromosyon.com.tr\/index.php?rest_route=%2Fwp%2Fv2%2Fproduct_tag&post=12110"}],"curies":[{"name":"wp","href":"https:\/\/api.w.org\/{rel}","templated":true}]}}