{"id":11082,"date":"2024-09-26T06:02:17","date_gmt":"2024-09-26T06:02:17","guid":{"rendered":"https:\/\/goldpromosyon.com.tr\/?post_type=product&#038;p=11082"},"modified":"2024-09-26T06:04:23","modified_gmt":"2024-09-26T06:04:23","slug":"everest-sm-781-optik-nano-receive-kablosuz-mouse","status":"publish","type":"product","link":"https:\/\/goldpromosyon.com.tr\/?product=everest-sm-781-optik-nano-receive-kablosuz-mouse","title":{"rendered":"Everest SM-781 Optik Nano Receive Kablosuz Mouse"},"content":{"rendered":"<p>Everest SM-781 Optik Nano Receive Kablosuz Mouse<br \/>\nMarka Everest<br \/>\nModel SM-781<br \/>\nTipi Kablosuz 2.4 Ghz<br \/>\nAlg\u0131lama Optik<br \/>\nRenk Siyah<br \/>\nBa\u011flant\u0131 USB<br \/>\nButon Say\u0131s\u0131 4<br \/>\nMouse Tipi PC \/ Notebook<br \/>\nRenk 2 Farkl\u0131 Renk<br \/>\nDPI 800<br \/>\nDestekledi\u011fi isletim sistemlri T\u00fcm \u0130\u015fletim sistemi<br \/>\nS\u00fcr\u00fcc\u00fc Tak \u00c7al\u0131\u015fy\u0131r<br \/>\nA\u00e7\u0131klama \u00c7ift Cilick \u00d6zelli\u011fi<br \/>\nToplam A\u011f\u0131rl\u0131k 3gr<br \/>\nPaket \u0130\u00e7eri\u011fi pil ve al\u0131c\u0131<br \/>\nPaket Boyutu 17*20<br \/>\nMesafe 10 mt<br \/>\nPil 1.5 x2=3 volt<br \/>\nYaz\u0131l\u0131m Yok<\/p>\n","protected":false},"excerpt":{"rendered":"<p>Everest SM-781 Optik Nano Receive Kablosuz Mouse Marka Everest Model SM-781 Tipi Kablosuz 2.4 Ghz Alg\u0131lama Optik Renk Siyah Ba\u011flant\u0131<\/p>\n","protected":false},"featured_media":11089,"comment_status":"open","ping_status":"closed","template":"","meta":[],"product_cat":[141,137,152],"product_tag":[],"class_list":{"0":"post-11082","1":"product","2":"type-product","3":"status-publish","4":"has-post-thumbnail","6":"product_cat-en-cok-tercih-edilen-teknoloji-urunleri","7":"product_cat-mouse","8":"product_cat-teknoloji","10":"first","11":"instock","12":"shipping-taxable","13":"purchasable","14":"product-type-variable"},"_links":{"self":[{"href":"https:\/\/goldpromosyon.com.tr\/index.php?rest_route=\/wp\/v2\/product\/11082","targetHints":{"allow":["GET"]}}],"collection":[{"href":"https:\/\/goldpromosyon.com.tr\/index.php?rest_route=\/wp\/v2\/product"}],"about":[{"href":"https:\/\/goldpromosyon.com.tr\/index.php?rest_route=\/wp\/v2\/types\/product"}],"replies":[{"embeddable":true,"href":"https:\/\/goldpromosyon.com.tr\/index.php?rest_route=%2Fwp%2Fv2%2Fcomments&post=11082"}],"version-history":[{"count":1,"href":"https:\/\/goldpromosyon.com.tr\/index.php?rest_route=\/wp\/v2\/product\/11082\/revisions"}],"predecessor-version":[{"id":11090,"href":"https:\/\/goldpromosyon.com.tr\/index.php?rest_route=\/wp\/v2\/product\/11082\/revisions\/11090"}],"wp:featuredmedia":[{"embeddable":true,"href":"https:\/\/goldpromosyon.com.tr\/index.php?rest_route=\/wp\/v2\/media\/11089"}],"wp:attachment":[{"href":"https:\/\/goldpromosyon.com.tr\/index.php?rest_route=%2Fwp%2Fv2%2Fmedia&parent=11082"}],"wp:term":[{"taxonomy":"product_cat","embeddable":true,"href":"https:\/\/goldpromosyon.com.tr\/index.php?rest_route=%2Fwp%2Fv2%2Fproduct_cat&post=11082"},{"taxonomy":"product_tag","embeddable":true,"href":"https:\/\/goldpromosyon.com.tr\/index.php?rest_route=%2Fwp%2Fv2%2Fproduct_tag&post=11082"}],"curies":[{"name":"wp","href":"https:\/\/api.w.org\/{rel}","templated":true}]}}